{"id":834,"date":"2020-02-17T15:36:16","date_gmt":"2020-02-17T15:36:16","guid":{"rendered":"http:\/\/c3.usac.edu.gt\/cip.usac.edu.gt\/public_html\/?page_id=834"},"modified":"2024-08-09T18:21:16","modified_gmt":"2024-08-09T18:21:16","slug":"38-decreto-25-2018-art-10-informe-de-la-ejec-presup-al-congreso-de-la-rep-de-guatemala","status":"publish","type":"page","link":"https:\/\/cip.usac.edu.gt\/index.php\/38-decreto-25-2018-art-10-informe-de-la-ejec-presup-al-congreso-de-la-rep-de-guatemala\/","title":{"rendered":"38. Informe de la Ejec. Presup. al Congreso de la Rep. de Guatemala"},"content":{"rendered":"\n<p><br>El informe anal\u00edtico de la Ejecuci\u00f3n presupuestaria de la Presidencia de la Rep\u00fablica, Ministerios de Estado, Secretar\u00edas y Otras Dependencias del Ejecutivo y Procuradur\u00eda General de la Naci\u00f3n a que hace referencia la literal del art\u00edculo 183 de la Constituci\u00f3n Pol\u00edtica de la Rep\u00fablica de Guatemala.<\/p>\n\n\n\n<p><\/p>\n\n\n\n<p class=\"has-white-color has-text-color has-background\" style=\"background-color:#2c7cf2\"><strong><em>\u00abSeg\u00fan el  Art\u00edculo 82 de la Constituci\u00f3n Pol\u00edtica de la Republica,  Autonom\u00eda de la Universidad de San Carlos de Guatemala, indica en el segundo p\u00e1rrafo \u201cSe rige por su Ley Org\u00e1nica y por los estatutos y reglamentos que ella emita\u201d, la Universidad en su Normativo no establece remitir informe a la Presidencia de la Republica.\u00bb.<\/em><\/strong><\/p>\n\n\n\n<div class=\"wp-block-buttons is-layout-flex wp-block-buttons-is-layout-flex\">\n<div class=\"wp-block-button\"><a class=\"wp-block-button__link has-background wp-element-button\" href=\"https:\/\/cip.usac.edu.gt\/wp-content\/uploads\/2020\/07\/No-38-FInal.pdf\" style=\"background-color:#2c7cf2\" target=\"_blank\" rel=\"noreferrer noopener\">Descargar Documento PDF<\/a><\/div>\n<\/div>\n","protected":false},"excerpt":{"rendered":"<p>El informe anal\u00edtico de la Ejecuci\u00f3n presupuestaria de la Presidencia de la Rep\u00fablica, Ministerios de Estado, Secretar\u00edas y Otras Dependencias del Ejecutivo y Procuradur\u00eda General de la Naci\u00f3n a que hace referencia la literal del art\u00edculo 183 de la Constituci\u00f3n Pol\u00edtica de la Rep\u00fablica de Guatemala. \u00abSeg\u00fan el Art\u00edculo 82 de la Constituci\u00f3n Pol\u00edtica de [&hellip;]<\/p>\n","protected":false},"author":2,"featured_media":0,"parent":0,"menu_order":0,"comment_status":"closed","ping_status":"closed","template":"","meta":{"footnotes":""},"class_list":["post-834","page","type-page","status-publish","czr-hentry"],"_links":{"self":[{"href":"https:\/\/cip.usac.edu.gt\/index.php\/wp-json\/wp\/v2\/pages\/834","targetHints":{"allow":["GET"]}}],"collection":[{"href":"https:\/\/cip.usac.edu.gt\/index.php\/wp-json\/wp\/v2\/pages"}],"about":[{"href":"https:\/\/cip.usac.edu.gt\/index.php\/wp-json\/wp\/v2\/types\/page"}],"author":[{"embeddable":true,"href":"https:\/\/cip.usac.edu.gt\/index.php\/wp-json\/wp\/v2\/users\/2"}],"replies":[{"embeddable":true,"href":"https:\/\/cip.usac.edu.gt\/index.php\/wp-json\/wp\/v2\/comments?post=834"}],"version-history":[{"count":6,"href":"https:\/\/cip.usac.edu.gt\/index.php\/wp-json\/wp\/v2\/pages\/834\/revisions"}],"predecessor-version":[{"id":5913,"href":"https:\/\/cip.usac.edu.gt\/index.php\/wp-json\/wp\/v2\/pages\/834\/revisions\/5913"}],"wp:attachment":[{"href":"https:\/\/cip.usac.edu.gt\/index.php\/wp-json\/wp\/v2\/media?parent=834"}],"curies":[{"name":"wp","href":"https:\/\/api.w.org\/{rel}","templated":true}]}}