{"id":777,"date":"2020-02-14T14:39:26","date_gmt":"2020-02-14T14:39:26","guid":{"rendered":"http:\/\/c3.usac.edu.gt\/cip.usac.edu.gt\/public_html\/?page_id=777"},"modified":"2025-04-22T14:40:39","modified_gmt":"2025-04-22T14:40:39","slug":"29-otros","status":"publish","type":"page","link":"https:\/\/cip.usac.edu.gt\/index.php\/29-otros\/","title":{"rendered":"29. Otros, cualquier otra informaci\u00f3n que sea de utilidad o relevancia para cumplir con los fines y objetivos de la presente ley."},"content":{"rendered":"\n<h3 class=\"wp-block-heading\" id=\"consejo-superior-universitario\"> CONSEJO SUPERIOR UNIVERSITARIO<\/h3>\n\n\n\n<p>De conformidad al marco legal de la Universidad de San Carlos de Guatemala, su gobierno est\u00e1 constituido por: el Consejo Superior Universitario (CSU), Rector\u00eda y la Junta Electoral Universitaria. El CSU esta integrado por el Rector, quien lo preside, los decanos de las Facultades, un representante del Colegio de Profesionales egresado de la Universidad de San Carlos de Guatemala, que corresponda a cada facultad, un catedr\u00e1tico titular y un estudiante por cada Facultad.<\/p>\n\n\n\n<p>Seg\u00fan la estructura organizativa de la Universidad y de conformidad a la pol\u00edtica de desconcentraci\u00f3n, la responsabilidad del gobierno universitario ha sido compartida a otros niveles de menor jerarqu\u00eda tales como Juntas Directivas, Consejos Directivos, Decanos de facultades, Directores de escuelas no facultativas y centros universitarios.<\/p>\n\n\n\n<div class=\"wp-block-button\"><a class=\"wp-block-button__link has-background wp-element-button\" href=\"https:\/\/usac.edu.gt\/miembroscsu.php\" style=\"background-color:#2c7cf2\" target=\"_blank\" rel=\"noreferrer noopener\">Miembros del consejo Superior Universitario <\/a><\/div>\n\n\n\n<hr class=\"wp-block-separator has-css-opacity is-style-wide\"\/>\n\n\n\n<h3 class=\"wp-block-heading\" id=\"pacto-colectivo-2018\"><strong>PACTO COLECTIVO 2018<\/strong><\/h3>\n\n\n\n<p>SEGUNDO PACTO COLECTIVO DE CONDICIONES DE TRABAJO ENTRE LA UNIVERSIDAD DE SAN CARLOS DE GUATEMALA Y EL SINDICATO DE TRABAJADORES DE LAUNIVERSIDAD DE SAN CARLOS DE GUATEMALA \u2013STUSC-.<\/p>\n\n\n\n<div class=\"wp-block-buttons is-layout-flex wp-block-buttons-is-layout-flex\">\n<div class=\"wp-block-button\"><a class=\"wp-block-button__link has-background wp-element-button\" href=\"https:\/\/cip.usac.edu.gt\/wp-content\/uploads\/2020\/02\/PactoColectivo2018.pdf\" style=\"background-color:#2c7cf2\" target=\"_blank\" rel=\"noreferrer noopener\">Pacto Colectivo 2018<\/a><\/div>\n<\/div>\n\n\n\n<hr class=\"wp-block-separator has-css-opacity is-style-wide\"\/>\n\n\n\n<h3 class=\"wp-block-heading\" id=\"plan-de-prestaciones-usac\">PLAN DE PRESTACIONES USAC<\/h3>\n\n\n\n<p>El Plan de Prestaciones del personal de la Universidad de San Carlos de Guatemala, tiene por objeto asegurar a todos los trabajadores de la instituci\u00f3n afiliados al mismo, el goce de una pensi\u00f3n al retirarse del sericio, por invalidez, o por cumplir con los requisitos del art\u00edculo 11 del presente Reglamento y, al ocurrar fallecimiento, proteger a los beneficiarios con un Seguro de Vida y con pensiones de Viudez y Orfandad. As\u00edmismo, tiene por objeto compensar al trabajador afiliado, en forma opcional para \u00e9l y como alternativa a las dem\u00e1s prestaciones del Plan, en caso de su retiro voluntario o por despido.<\/p>\n\n\n\n<div class=\"wp-block-buttons is-layout-flex wp-block-buttons-is-layout-flex\">\n<div class=\"wp-block-button\"><a class=\"wp-block-button__link has-background wp-element-button\" href=\"https:\/\/cip.usac.edu.gt\/wp-content\/uploads\/2025\/04\/Reglamento-Plan-de-Prestaciones-vigente-a-marzo-2024-2.pdf\" style=\"background-color:#2c7cf2\" target=\"_blank\" rel=\"noreferrer noopener\">Reglamento Plan de Prestaciones USAC<\/a><\/div>\n<\/div>\n\n\n\n<hr class=\"wp-block-separator has-css-opacity is-style-wide\"\/>\n\n\n\n<div class=\"wp-block-buttons is-layout-flex wp-block-buttons-is-layout-flex\"><\/div>\n\n\n\n<hr class=\"wp-block-separator has-css-opacity is-style-wide\"\/>\n\n\n\n<h2 class=\"wp-block-heading\" id=\"creacion-de-la-coordinadora-de-informacion-publica-cip\">Creaci\u00f3n de la Coordinadora de Informaci\u00f3n P\u00fablica -CIP-<\/h2>\n\n\n\n<p>Acuerdo de creaci\u00f3n de la CIP con fecha 16 de abril del 2009.<\/p>\n\n\n\n<div class=\"wp-block-buttons is-layout-flex wp-block-buttons-is-layout-flex\">\n<div class=\"wp-block-button\"><a class=\"wp-block-button__link has-background wp-element-button\" href=\"https:\/\/cip.usac.edu.gt\/wp-content\/uploads\/2020\/02\/creacioncoordinadoradeinformacionpublica.pdf\" style=\"background-color:#2c7cf2\" target=\"_blank\" rel=\"noreferrer noopener\">Descargar Acuerdo PDF<\/a><\/div>\n<\/div>\n\n\n\n<hr class=\"wp-block-separator has-css-opacity is-style-wide\"\/>\n\n\n\n<h2 class=\"wp-block-heading\" id=\"censo-estudiantil-2019\">Censo Estudiantil 2019<\/h2>\n\n\n\n<p>La encuesta censal estuvo a cargo del Departamento de Registro y Estad\u00edstica, con el apoyo en el desarrollo, an\u00e1lisis e interpretaci\u00f3n de la Coordinadora General de Planificaci\u00f3n, Coordinadora de Inform\u00e1tica y Tecnolog\u00eda, Divisi\u00f3n de Desarrollo Organizacional y la Asesor\u00eda de Rector\u00eda. El Departamento de Registro y Estad\u00edstica planific\u00f3 y ejecut\u00f3 el trabajo de recopilaci\u00f3n de datos durante el primer semestre de 2019 mediante un formato electr\u00f3nico, el cual fue requerido durante el proceso de inscripci\u00f3n a la poblaci\u00f3n estudiantil matriculada en pregrado, grado y postgrado. <\/p>\n\n\n\n<p>Se obtuvo una respuesta favorable y una muestra to-tal de 147,558 estudiantes inscritos, es decir, un 74.52 % de participaci\u00f3n; ello permiti\u00f3 as\u00ed obtener informaci\u00f3n importante para nuestra casa de estudios. Dicha boleta censal fue elaborada y consensuada con asesor\u00eda de cada sector representativo; en especial, se reconoce y agradece el apoyo de la Asociaci\u00f3n de Es-tudiantes con Discapacidad (ASEDIS), per-sonas e instituciones expertas en la materia.<\/p>\n\n\n\n<div class=\"wp-block-buttons is-layout-flex wp-block-buttons-is-layout-flex\">\n<div class=\"wp-block-button\"><a class=\"wp-block-button__link has-background wp-element-button\" href=\"https:\/\/cip.usac.edu.gt\/wp-content\/uploads\/2020\/10\/CENSO-2019.pdf\" style=\"background-color:#2c7cf2\" target=\"_blank\" rel=\"noreferrer noopener\">Censo Estudiantil 2019<\/a><\/div>\n<\/div>\n\n\n\n<div style=\"height:100px\" aria-hidden=\"true\" class=\"wp-block-spacer\"><\/div>\n\n\n\n<figure class=\"wp-block-image size-large\"><img loading=\"lazy\" decoding=\"async\" width=\"1024\" height=\"768\" src=\"https:\/\/cip.usac.edu.gt\/wp-content\/uploads\/2020\/07\/Foto-D-1024x768.png\" alt=\"\" class=\"wp-image-1546\" srcset=\"https:\/\/cip.usac.edu.gt\/wp-content\/uploads\/2020\/07\/Foto-D-1024x768.png 1024w, https:\/\/cip.usac.edu.gt\/wp-content\/uploads\/2020\/07\/Foto-D-300x225.png 300w, https:\/\/cip.usac.edu.gt\/wp-content\/uploads\/2020\/07\/Foto-D-768x576.png 768w, https:\/\/cip.usac.edu.gt\/wp-content\/uploads\/2020\/07\/Foto-D-1536x1152.png 1536w, https:\/\/cip.usac.edu.gt\/wp-content\/uploads\/2020\/07\/Foto-D-2048x1536.png 2048w\" sizes=\"auto, (max-width: 1024px) 100vw, 1024px\" \/><figcaption class=\"wp-element-caption\"> (Fotograf\u00eda de Pablo Chin). (Guatemala. 2020) Rectoria USAC : <\/figcaption><\/figure>\n","protected":false},"excerpt":{"rendered":"<p>CONSEJO SUPERIOR UNIVERSITARIO De conformidad al marco legal de la Universidad de San Carlos de Guatemala, su gobierno est\u00e1 constituido por: el Consejo Superior Universitario (CSU), Rector\u00eda y la Junta Electoral Universitaria. El CSU esta integrado por el Rector, quien lo preside, los decanos de las Facultades, un representante del Colegio de Profesionales egresado de [&hellip;]<\/p>\n","protected":false},"author":2,"featured_media":0,"parent":0,"menu_order":0,"comment_status":"closed","ping_status":"closed","template":"","meta":{"footnotes":""},"class_list":["post-777","page","type-page","status-publish","czr-hentry"],"_links":{"self":[{"href":"https:\/\/cip.usac.edu.gt\/index.php\/wp-json\/wp\/v2\/pages\/777","targetHints":{"allow":["GET"]}}],"collection":[{"href":"https:\/\/cip.usac.edu.gt\/index.php\/wp-json\/wp\/v2\/pages"}],"about":[{"href":"https:\/\/cip.usac.edu.gt\/index.php\/wp-json\/wp\/v2\/types\/page"}],"author":[{"embeddable":true,"href":"https:\/\/cip.usac.edu.gt\/index.php\/wp-json\/wp\/v2\/users\/2"}],"replies":[{"embeddable":true,"href":"https:\/\/cip.usac.edu.gt\/index.php\/wp-json\/wp\/v2\/comments?post=777"}],"version-history":[{"count":17,"href":"https:\/\/cip.usac.edu.gt\/index.php\/wp-json\/wp\/v2\/pages\/777\/revisions"}],"predecessor-version":[{"id":6435,"href":"https:\/\/cip.usac.edu.gt\/index.php\/wp-json\/wp\/v2\/pages\/777\/revisions\/6435"}],"wp:attachment":[{"href":"https:\/\/cip.usac.edu.gt\/index.php\/wp-json\/wp\/v2\/media?parent=777"}],"curies":[{"name":"wp","href":"https:\/\/api.w.org\/{rel}","templated":true}]}}

29. Otros, cualquier otra información que sea de utilidad o relevancia para cumplir con los fines y objetivos de la presente ley.

<h3 class="wp-block-heading" id="consejo-superior-universitario"> CONSEJO SUPERIOR UNIVERSITARIO</h3>



<p>De conformidad al marco legal de la Universidad de San Carlos de Guatemala, su gobierno está constituido por: el Consejo Superior Universitario (CSU), Rectoría y la Junta Electoral Universitaria. El CSU esta integrado por el Rector, quien lo preside, los decanos de las Facultades, un representante del Colegio de Profesionales egresado de la Universidad de San Carlos de Guatemala, que corresponda a cada facultad, un catedrático titular y un estudiante por cada Facultad.</p>



<p>Según la estructura organizativa de la Universidad y de conformidad a la política de desconcentración, la responsabilidad del gobierno universitario ha sido compartida a otros niveles de menor jerarquía tales como Juntas Directivas, Consejos Directivos, Decanos de facultades, Directores de escuelas no facultativas y centros universitarios.</p>



<div class="wp-block-button"><a class="wp-block-button__link has-background wp-element-button" href="https://usac.edu.gt/miembroscsu.php" style="background-color:#2c7cf2" target="_blank" rel="noreferrer noopener">Miembros del consejo Superior Universitario </a></div>



<hr class="wp-block-separator has-css-opacity is-style-wide"/>



<h3 class="wp-block-heading" id="pacto-colectivo-2018"><strong>PACTO COLECTIVO 2018</strong></h3>



<p>SEGUNDO PACTO COLECTIVO DE CONDICIONES DE TRABAJO ENTRE LA UNIVERSIDAD DE SAN CARLOS DE GUATEMALA Y EL SINDICATO DE TRABAJADORES DE LAUNIVERSIDAD DE SAN CARLOS DE GUATEMALA –STUSC-.</p>



<div class="wp-block-buttons is-layout-flex wp-block-buttons-is-layout-flex">
<div class="wp-block-button"><a class="wp-block-button__link has-background wp-element-button" href="https://cip.usac.edu.gt/wp-content/uploads/2020/02/PactoColectivo2018.pdf" style="background-color:#2c7cf2" target="_blank" rel="noreferrer noopener">Pacto Colectivo 2018</a></div>
</div>



<hr class="wp-block-separator has-css-opacity is-style-wide"/>



<h3 class="wp-block-heading" id="plan-de-prestaciones-usac">PLAN DE PRESTACIONES USAC</h3>



<p>El Plan de Prestaciones del personal de la Universidad de San Carlos de Guatemala, tiene por objeto asegurar a todos los trabajadores de la institución afiliados al mismo, el goce de una pensión al retirarse del sericio, por invalidez, o por cumplir con los requisitos del artículo 11 del presente Reglamento y, al ocurrar fallecimiento, proteger a los beneficiarios con un Seguro de Vida y con pensiones de Viudez y Orfandad. Asímismo, tiene por objeto compensar al trabajador afiliado, en forma opcional para él y como alternativa a las demás prestaciones del Plan, en caso de su retiro voluntario o por despido.</p>



<div class="wp-block-buttons is-layout-flex wp-block-buttons-is-layout-flex">
<div class="wp-block-button"><a class="wp-block-button__link has-background wp-element-button" href="https://cip.usac.edu.gt/wp-content/uploads/2025/04/Reglamento-Plan-de-Prestaciones-vigente-a-marzo-2024-2.pdf" style="background-color:#2c7cf2" target="_blank" rel="noreferrer noopener">Reglamento Plan de Prestaciones USAC</a></div>
</div>



<hr class="wp-block-separator has-css-opacity is-style-wide"/>



<div class="wp-block-buttons is-layout-flex wp-block-buttons-is-layout-flex"></div>



<hr class="wp-block-separator has-css-opacity is-style-wide"/>



<h2 class="wp-block-heading" id="creacion-de-la-coordinadora-de-informacion-publica-cip">Creación de la Coordinadora de Información Pública -CIP-</h2>



<p>Acuerdo de creación de la CIP con fecha 16 de abril del 2009.</p>



<div class="wp-block-buttons is-layout-flex wp-block-buttons-is-layout-flex">
<div class="wp-block-button"><a class="wp-block-button__link has-background wp-element-button" href="https://cip.usac.edu.gt/wp-content/uploads/2020/02/creacioncoordinadoradeinformacionpublica.pdf" style="background-color:#2c7cf2" target="_blank" rel="noreferrer noopener">Descargar Acuerdo PDF</a></div>
</div>



<hr class="wp-block-separator has-css-opacity is-style-wide"/>



<h2 class="wp-block-heading" id="censo-estudiantil-2019">Censo Estudiantil 2019</h2>



<p>La encuesta censal estuvo a cargo del Departamento de Registro y Estadística, con el apoyo en el desarrollo, análisis e interpretación de la Coordinadora General de Planificación, Coordinadora de Informática y Tecnología, División de Desarrollo Organizacional y la Asesoría de Rectoría. El Departamento de Registro y Estadística planificó y ejecutó el trabajo de recopilación de datos durante el primer semestre de 2019 mediante un formato electrónico, el cual fue requerido durante el proceso de inscripción a la población estudiantil matriculada en pregrado, grado y postgrado. </p>



<p>Se obtuvo una respuesta favorable y una muestra to-tal de 147,558 estudiantes inscritos, es decir, un 74.52 % de participación; ello permitió así obtener información importante para nuestra casa de estudios. Dicha boleta censal fue elaborada y consensuada con asesoría de cada sector representativo; en especial, se reconoce y agradece el apoyo de la Asociación de Es-tudiantes con Discapacidad (ASEDIS), per-sonas e instituciones expertas en la materia.</p>



<div class="wp-block-buttons is-layout-flex wp-block-buttons-is-layout-flex">
<div class="wp-block-button"><a class="wp-block-button__link has-background wp-element-button" href="https://cip.usac.edu.gt/wp-content/uploads/2020/10/CENSO-2019.pdf" style="background-color:#2c7cf2" target="_blank" rel="noreferrer noopener">Censo Estudiantil 2019</a></div>
</div>



<div style="height:100px" aria-hidden="true" class="wp-block-spacer"></div>



<figure class="wp-block-image size-large"><img loading="lazy" decoding="async" width="1024" height="768" src="https://cip.usac.edu.gt/wp-content/uploads/2020/07/Foto-D-1024x768.png" alt="" class="wp-image-1546" srcset="https://cip.usac.edu.gt/wp-content/uploads/2020/07/Foto-D-1024x768.png 1024w, https://cip.usac.edu.gt/wp-content/uploads/2020/07/Foto-D-300x225.png 300w, https://cip.usac.edu.gt/wp-content/uploads/2020/07/Foto-D-768x576.png 768w, https://cip.usac.edu.gt/wp-content/uploads/2020/07/Foto-D-1536x1152.png 1536w, https://cip.usac.edu.gt/wp-content/uploads/2020/07/Foto-D-2048x1536.png 2048w" sizes="auto, (max-width: 1024px) 100vw, 1024px" /><figcaption class="wp-element-caption"> (Fotografía de Pablo Chin). (Guatemala. 2020) Rectoria USAC : </figcaption></figure>

<p>CONSEJO SUPERIOR UNIVERSITARIO De conformidad al marco legal de la Universidad de San Carlos de Guatemala, su gobierno está constituido por: el Consejo Superior Universitario (CSU), Rectoría y la Junta Electoral Universitaria. El CSU esta integrado por el Rector, quien lo preside, los decanos de las Facultades, un representante del Colegio de Profesionales egresado de [&hellip;]</p>
