{"id":6199,"date":"2025-02-07T18:45:11","date_gmt":"2025-02-07T18:45:11","guid":{"rendered":"https:\/\/cip.usac.edu.gt\/?page_id=6199"},"modified":"2026-04-16T17:10:45","modified_gmt":"2026-04-16T17:10:45","slug":"compras-de-baja-cuantia","status":"publish","type":"page","link":"https:\/\/cip.usac.edu.gt\/index.php\/compras-de-baja-cuantia\/","title":{"rendered":"Compras de Baja Cuant\u00eda"},"content":{"rendered":"\n<h2 class=\"wp-block-heading has-text-align-center\">A\u00f1o 2026<\/h2>\n\n\n\n<p><strong>Informe compras de baja cuant\u00eda Formato Excel <\/strong><\/p>\n\n\n\n<p>Nota el informe se descargar en su equipo en formato Excel <\/p>\n\n\n\n<div class=\"wp-block-group\"><div class=\"wp-block-group__inner-container is-layout-flow wp-block-group-is-layout-flow\">\n<div class=\"wp-block-columns is-layout-flex wp-container-core-columns-is-layout-9d6595d7 wp-block-columns-is-layout-flex\">\n<div class=\"wp-block-column is-layout-flow wp-block-column-is-layout-flow\">\n<figure class=\"wp-block-image size-full\"><a href=\"https:\/\/cip.usac.edu.gt\/wp-content\/uploads\/2026\/04\/CONTRATACIONES_PUBLICAS-febrero-2026.xlsx\"><img loading=\"lazy\" decoding=\"async\" width=\"173\" height=\"174\" src=\"https:\/\/cip.usac.edu.gt\/wp-content\/uploads\/2026\/02\/Enero-2026.png\" alt=\"\" class=\"wp-image-6932\" srcset=\"https:\/\/cip.usac.edu.gt\/wp-content\/uploads\/2026\/02\/Enero-2026.png 173w, https:\/\/cip.usac.edu.gt\/wp-content\/uploads\/2026\/02\/Enero-2026-150x150.png 150w\" sizes=\"auto, (max-width: 173px) 100vw, 173px\" \/><\/a><\/figure>\n<\/div>\n\n\n\n<div class=\"wp-block-column is-layout-flow wp-block-column-is-layout-flow\">\n<figure class=\"wp-block-image size-full\"><a href=\"https:\/\/cip.usac.edu.gt\/wp-content\/uploads\/2026\/04\/CONTRATACIONES_PUBLICAS-1-1-febrero-real.xlsx\"><img loading=\"lazy\" decoding=\"async\" width=\"173\" height=\"174\" src=\"https:\/\/cip.usac.edu.gt\/wp-content\/uploads\/2026\/03\/Febrero-2026.png\" alt=\"\" class=\"wp-image-6975\" srcset=\"https:\/\/cip.usac.edu.gt\/wp-content\/uploads\/2026\/03\/Febrero-2026.png 173w, https:\/\/cip.usac.edu.gt\/wp-content\/uploads\/2026\/03\/Febrero-2026-150x150.png 150w\" sizes=\"auto, (max-width: 173px) 100vw, 173px\" \/><\/a><\/figure>\n<\/div>\n\n\n\n<div class=\"wp-block-column is-layout-flow wp-block-column-is-layout-flow\">\n<figure class=\"wp-block-image size-full\"><a href=\"https:\/\/cip.usac.edu.gt\/wp-content\/uploads\/2026\/04\/CONTRATACIONES_PUBLICAS-MASRZO-2026.xlsx\"><img loading=\"lazy\" decoding=\"async\" width=\"173\" height=\"174\" src=\"https:\/\/cip.usac.edu.gt\/wp-content\/uploads\/2026\/04\/marzo-2026.png\" alt=\"\" class=\"wp-image-7015\" srcset=\"https:\/\/cip.usac.edu.gt\/wp-content\/uploads\/2026\/04\/marzo-2026.png 173w, https:\/\/cip.usac.edu.gt\/wp-content\/uploads\/2026\/04\/marzo-2026-150x150.png 150w\" sizes=\"auto, (max-width: 173px) 100vw, 173px\" \/><\/a><\/figure>\n<\/div>\n\n\n\n<div class=\"wp-block-column is-layout-flow wp-block-column-is-layout-flow\">\n<figure class=\"wp-block-image size-full\"><img loading=\"lazy\" decoding=\"async\" width=\"173\" height=\"174\" src=\"https:\/\/cip.usac.edu.gt\/wp-content\/uploads\/2026\/02\/abril-2026-sombra.png\" alt=\"\" class=\"wp-image-6909\" srcset=\"https:\/\/cip.usac.edu.gt\/wp-content\/uploads\/2026\/02\/abril-2026-sombra.png 173w, https:\/\/cip.usac.edu.gt\/wp-content\/uploads\/2026\/02\/abril-2026-sombra-150x150.png 150w\" sizes=\"auto, (max-width: 173px) 100vw, 173px\" \/><\/figure>\n<\/div>\n\n\n\n<div class=\"wp-block-column is-layout-flow wp-block-column-is-layout-flow\">\n<figure class=\"wp-block-image size-full\"><img loading=\"lazy\" decoding=\"async\" width=\"173\" height=\"174\" src=\"https:\/\/cip.usac.edu.gt\/wp-content\/uploads\/2026\/02\/mayo-2026-sombra.png\" alt=\"\" class=\"wp-image-6910\" srcset=\"https:\/\/cip.usac.edu.gt\/wp-content\/uploads\/2026\/02\/mayo-2026-sombra.png 173w, https:\/\/cip.usac.edu.gt\/wp-content\/uploads\/2026\/02\/mayo-2026-sombra-150x150.png 150w\" sizes=\"auto, (max-width: 173px) 100vw, 173px\" \/><\/figure>\n<\/div>\n\n\n\n<div class=\"wp-block-column is-layout-flow wp-block-column-is-layout-flow\">\n<figure class=\"wp-block-image size-full\"><img loading=\"lazy\" decoding=\"async\" width=\"173\" height=\"174\" src=\"https:\/\/cip.usac.edu.gt\/wp-content\/uploads\/2026\/02\/Junio2026-sombra.png\" alt=\"\" class=\"wp-image-6911\" srcset=\"https:\/\/cip.usac.edu.gt\/wp-content\/uploads\/2026\/02\/Junio2026-sombra.png 173w, https:\/\/cip.usac.edu.gt\/wp-content\/uploads\/2026\/02\/Junio2026-sombra-150x150.png 150w\" sizes=\"auto, (max-width: 173px) 100vw, 173px\" \/><\/figure>\n<\/div>\n<\/div>\n\n\n\n<div class=\"wp-block-columns is-layout-flex wp-container-core-columns-is-layout-9d6595d7 wp-block-columns-is-layout-flex\">\n<div class=\"wp-block-column is-layout-flow wp-block-column-is-layout-flow\">\n<figure class=\"wp-block-image size-full\"><img loading=\"lazy\" decoding=\"async\" width=\"173\" height=\"174\" src=\"https:\/\/cip.usac.edu.gt\/wp-content\/uploads\/2026\/02\/julio2026-sombra.png\" alt=\"\" class=\"wp-image-6912\" srcset=\"https:\/\/cip.usac.edu.gt\/wp-content\/uploads\/2026\/02\/julio2026-sombra.png 173w, https:\/\/cip.usac.edu.gt\/wp-content\/uploads\/2026\/02\/julio2026-sombra-150x150.png 150w\" sizes=\"auto, (max-width: 173px) 100vw, 173px\" \/><\/figure>\n<\/div>\n\n\n\n<div class=\"wp-block-column is-layout-flow wp-block-column-is-layout-flow\">\n<figure class=\"wp-block-image size-full\"><img loading=\"lazy\" decoding=\"async\" width=\"173\" height=\"174\" src=\"https:\/\/cip.usac.edu.gt\/wp-content\/uploads\/2026\/02\/agosto2026-sombra.png\" alt=\"\" class=\"wp-image-6913\" srcset=\"https:\/\/cip.usac.edu.gt\/wp-content\/uploads\/2026\/02\/agosto2026-sombra.png 173w, https:\/\/cip.usac.edu.gt\/wp-content\/uploads\/2026\/02\/agosto2026-sombra-150x150.png 150w\" sizes=\"auto, (max-width: 173px) 100vw, 173px\" \/><\/figure>\n<\/div>\n\n\n\n<div class=\"wp-block-column is-layout-flow wp-block-column-is-layout-flow\">\n<figure class=\"wp-block-image size-full\"><img loading=\"lazy\" decoding=\"async\" width=\"173\" height=\"174\" src=\"https:\/\/cip.usac.edu.gt\/wp-content\/uploads\/2026\/02\/sep2026-sombra.png\" alt=\"\" class=\"wp-image-6914\" srcset=\"https:\/\/cip.usac.edu.gt\/wp-content\/uploads\/2026\/02\/sep2026-sombra.png 173w, https:\/\/cip.usac.edu.gt\/wp-content\/uploads\/2026\/02\/sep2026-sombra-150x150.png 150w\" sizes=\"auto, (max-width: 173px) 100vw, 173px\" \/><\/figure>\n<\/div>\n\n\n\n<div class=\"wp-block-column is-layout-flow wp-block-column-is-layout-flow\">\n<figure class=\"wp-block-image size-full\"><img loading=\"lazy\" decoding=\"async\" width=\"173\" height=\"174\" src=\"https:\/\/cip.usac.edu.gt\/wp-content\/uploads\/2026\/02\/octubre2026-sombra.png\" alt=\"\" class=\"wp-image-6915\" srcset=\"https:\/\/cip.usac.edu.gt\/wp-content\/uploads\/2026\/02\/octubre2026-sombra.png 173w, https:\/\/cip.usac.edu.gt\/wp-content\/uploads\/2026\/02\/octubre2026-sombra-150x150.png 150w\" sizes=\"auto, (max-width: 173px) 100vw, 173px\" \/><\/figure>\n<\/div>\n\n\n\n<div class=\"wp-block-column is-layout-flow wp-block-column-is-layout-flow\">\n<figure class=\"wp-block-image size-full\"><img loading=\"lazy\" decoding=\"async\" width=\"173\" height=\"174\" src=\"https:\/\/cip.usac.edu.gt\/wp-content\/uploads\/2026\/02\/Nov-2026-sombra.png\" alt=\"\" class=\"wp-image-6916\" srcset=\"https:\/\/cip.usac.edu.gt\/wp-content\/uploads\/2026\/02\/Nov-2026-sombra.png 173w, https:\/\/cip.usac.edu.gt\/wp-content\/uploads\/2026\/02\/Nov-2026-sombra-150x150.png 150w\" sizes=\"auto, (max-width: 173px) 100vw, 173px\" \/><\/figure>\n<\/div>\n\n\n\n<div class=\"wp-block-column is-layout-flow wp-block-column-is-layout-flow\">\n<figure class=\"wp-block-image size-full\"><img loading=\"lazy\" decoding=\"async\" width=\"173\" height=\"174\" src=\"https:\/\/cip.usac.edu.gt\/wp-content\/uploads\/2026\/02\/dicimebre-2026-sombra.png\" alt=\"\" class=\"wp-image-6917\" srcset=\"https:\/\/cip.usac.edu.gt\/wp-content\/uploads\/2026\/02\/dicimebre-2026-sombra.png 173w, https:\/\/cip.usac.edu.gt\/wp-content\/uploads\/2026\/02\/dicimebre-2026-sombra-150x150.png 150w\" sizes=\"auto, (max-width: 173px) 100vw, 173px\" \/><\/figure>\n<\/div>\n<\/div>\n<\/div><\/div>\n\n\n\n<h2 class=\"wp-block-heading has-text-align-center\">A\u00f1o 2025<\/h2>\n\n\n\n<p><strong>Informe compras de baja cuant\u00eda Formato Excel <\/strong><\/p>\n\n\n\n<p>Nota el informe se descargar en su equipo en formato Excel <\/p>\n\n\n\n<div class=\"wp-block-group\"><div class=\"wp-block-group__inner-container is-layout-flow wp-block-group-is-layout-flow\">\n<div class=\"wp-block-columns is-layout-flex wp-container-core-columns-is-layout-9d6595d7 wp-block-columns-is-layout-flex\">\n<div class=\"wp-block-column is-layout-flow wp-block-column-is-layout-flow\">\n<figure class=\"wp-block-image size-full\"><a href=\"https:\/\/cip.usac.edu.gt\/wp-content\/uploads\/2025\/02\/CONTRATACIONES_PUBLICAS.xlsx\"><img loading=\"lazy\" decoding=\"async\" width=\"173\" height=\"174\" src=\"https:\/\/cip.usac.edu.gt\/wp-content\/uploads\/2025\/02\/Enero-2025.png\" alt=\"\" class=\"wp-image-6220\" srcset=\"https:\/\/cip.usac.edu.gt\/wp-content\/uploads\/2025\/02\/Enero-2025.png 173w, https:\/\/cip.usac.edu.gt\/wp-content\/uploads\/2025\/02\/Enero-2025-150x150.png 150w\" sizes=\"auto, (max-width: 173px) 100vw, 173px\" \/><\/a><\/figure>\n<\/div>\n\n\n\n<div class=\"wp-block-column is-layout-flow wp-block-column-is-layout-flow\">\n<figure class=\"wp-block-image size-full\"><a href=\"https:\/\/cip.usac.edu.gt\/wp-content\/uploads\/2025\/03\/Febrero-2025-CONTRATACIONES_PUBLICAS.xlsx\"><img loading=\"lazy\" decoding=\"async\" width=\"173\" height=\"174\" src=\"https:\/\/cip.usac.edu.gt\/wp-content\/uploads\/2025\/03\/Feb-205.png\" alt=\"\" class=\"wp-image-6335\" srcset=\"https:\/\/cip.usac.edu.gt\/wp-content\/uploads\/2025\/03\/Feb-205.png 173w, https:\/\/cip.usac.edu.gt\/wp-content\/uploads\/2025\/03\/Feb-205-150x150.png 150w\" sizes=\"auto, (max-width: 173px) 100vw, 173px\" \/><\/a><\/figure>\n<\/div>\n\n\n\n<div class=\"wp-block-column is-layout-flow wp-block-column-is-layout-flow\">\n<figure class=\"wp-block-image size-full\"><a href=\"https:\/\/cip.usac.edu.gt\/wp-content\/uploads\/2025\/04\/CONTRATACIONES_PUBLICAS-Marzo-2025.xlsx\"><img loading=\"lazy\" decoding=\"async\" width=\"173\" height=\"174\" src=\"https:\/\/cip.usac.edu.gt\/wp-content\/uploads\/2025\/04\/marzo-2025.png\" alt=\"\" class=\"wp-image-6413\" srcset=\"https:\/\/cip.usac.edu.gt\/wp-content\/uploads\/2025\/04\/marzo-2025.png 173w, https:\/\/cip.usac.edu.gt\/wp-content\/uploads\/2025\/04\/marzo-2025-150x150.png 150w\" sizes=\"auto, (max-width: 173px) 100vw, 173px\" \/><\/a><\/figure>\n<\/div>\n\n\n\n<div class=\"wp-block-column is-layout-flow wp-block-column-is-layout-flow\">\n<figure class=\"wp-block-image size-full\"><a href=\"https:\/\/cip.usac.edu.gt\/wp-content\/uploads\/2025\/05\/CONTRATACIONES_PUBLICAS-4-1.xlsx\"><img loading=\"lazy\" decoding=\"async\" width=\"173\" height=\"174\" src=\"https:\/\/cip.usac.edu.gt\/wp-content\/uploads\/2025\/05\/abril-2025.png\" alt=\"\" class=\"wp-image-6440\" srcset=\"https:\/\/cip.usac.edu.gt\/wp-content\/uploads\/2025\/05\/abril-2025.png 173w, https:\/\/cip.usac.edu.gt\/wp-content\/uploads\/2025\/05\/abril-2025-150x150.png 150w\" sizes=\"auto, (max-width: 173px) 100vw, 173px\" \/><\/a><\/figure>\n<\/div>\n\n\n\n<div class=\"wp-block-column is-layout-flow wp-block-column-is-layout-flow\">\n<figure class=\"wp-block-image size-full\"><a href=\"https:\/\/cip.usac.edu.gt\/wp-content\/uploads\/2025\/06\/CONTRATACIONES_PUBLICAS-MAYPO.xlsx\"><img loading=\"lazy\" decoding=\"async\" width=\"173\" height=\"174\" src=\"https:\/\/cip.usac.edu.gt\/wp-content\/uploads\/2025\/05\/mayo-2025.png\" alt=\"\" class=\"wp-image-6438\" srcset=\"https:\/\/cip.usac.edu.gt\/wp-content\/uploads\/2025\/05\/mayo-2025.png 173w, https:\/\/cip.usac.edu.gt\/wp-content\/uploads\/2025\/05\/mayo-2025-150x150.png 150w\" sizes=\"auto, (max-width: 173px) 100vw, 173px\" \/><\/a><\/figure>\n<\/div>\n\n\n\n<div class=\"wp-block-column is-layout-flow wp-block-column-is-layout-flow\">\n<figure class=\"wp-block-image size-full\"><a href=\"https:\/\/cip.usac.edu.gt\/wp-content\/uploads\/2025\/08\/CONTRATACIONES_PUBLICAS.xlsx\"><img loading=\"lazy\" decoding=\"async\" width=\"173\" height=\"174\" src=\"https:\/\/cip.usac.edu.gt\/wp-content\/uploads\/2025\/08\/Junio-2025.png\" alt=\"\" class=\"wp-image-6578\" srcset=\"https:\/\/cip.usac.edu.gt\/wp-content\/uploads\/2025\/08\/Junio-2025.png 173w, https:\/\/cip.usac.edu.gt\/wp-content\/uploads\/2025\/08\/Junio-2025-150x150.png 150w\" sizes=\"auto, (max-width: 173px) 100vw, 173px\" \/><\/a><\/figure>\n<\/div>\n<\/div>\n\n\n\n<div class=\"wp-block-columns is-layout-flex wp-container-core-columns-is-layout-9d6595d7 wp-block-columns-is-layout-flex\">\n<div class=\"wp-block-column is-layout-flow wp-block-column-is-layout-flow\">\n<figure class=\"wp-block-image size-full\"><a href=\"https:\/\/cip.usac.edu.gt\/wp-content\/uploads\/2025\/08\/CONTRATACIONES_PUBLICAS.xlsx\"><img loading=\"lazy\" decoding=\"async\" width=\"173\" height=\"174\" src=\"https:\/\/cip.usac.edu.gt\/wp-content\/uploads\/2025\/08\/Julio-2025.png\" alt=\"\" class=\"wp-image-6579\" srcset=\"https:\/\/cip.usac.edu.gt\/wp-content\/uploads\/2025\/08\/Julio-2025.png 173w, https:\/\/cip.usac.edu.gt\/wp-content\/uploads\/2025\/08\/Julio-2025-150x150.png 150w\" sizes=\"auto, (max-width: 173px) 100vw, 173px\" \/><\/a><\/figure>\n<\/div>\n\n\n\n<div class=\"wp-block-column is-layout-flow wp-block-column-is-layout-flow\">\n<figure class=\"wp-block-image size-full\"><a href=\"https:\/\/cip.usac.edu.gt\/wp-content\/uploads\/2025\/09\/CONTRATACIONES_PUBLICAS-agosto.xlsx\"><img loading=\"lazy\" decoding=\"async\" width=\"173\" height=\"174\" src=\"https:\/\/cip.usac.edu.gt\/wp-content\/uploads\/2025\/09\/Agosto-2025.png\" alt=\"\" class=\"wp-image-6636\" srcset=\"https:\/\/cip.usac.edu.gt\/wp-content\/uploads\/2025\/09\/Agosto-2025.png 173w, https:\/\/cip.usac.edu.gt\/wp-content\/uploads\/2025\/09\/Agosto-2025-150x150.png 150w\" sizes=\"auto, (max-width: 173px) 100vw, 173px\" \/><\/a><\/figure>\n<\/div>\n\n\n\n<div class=\"wp-block-column is-layout-flow wp-block-column-is-layout-flow\">\n<figure class=\"wp-block-image size-full\"><a href=\"https:\/\/cip.usac.edu.gt\/wp-content\/uploads\/2025\/10\/Sep-2025.xlsx\"><img loading=\"lazy\" decoding=\"async\" width=\"173\" height=\"174\" src=\"https:\/\/cip.usac.edu.gt\/wp-content\/uploads\/2025\/10\/septimebre-2025.png\" alt=\"\" class=\"wp-image-6699\" srcset=\"https:\/\/cip.usac.edu.gt\/wp-content\/uploads\/2025\/10\/septimebre-2025.png 173w, https:\/\/cip.usac.edu.gt\/wp-content\/uploads\/2025\/10\/septimebre-2025-150x150.png 150w\" sizes=\"auto, (max-width: 173px) 100vw, 173px\" \/><\/a><\/figure>\n<\/div>\n\n\n\n<div class=\"wp-block-column is-layout-flow wp-block-column-is-layout-flow\">\n<figure class=\"wp-block-image size-full\"><a href=\"https:\/\/cip.usac.edu.gt\/wp-content\/uploads\/2025\/11\/CONTRATACIONES_PUBLICAS-octubre-1.xlsx\"><img loading=\"lazy\" decoding=\"async\" width=\"173\" height=\"174\" src=\"https:\/\/cip.usac.edu.gt\/wp-content\/uploads\/2025\/11\/octubre-2025.png\" alt=\"\" class=\"wp-image-6783\" srcset=\"https:\/\/cip.usac.edu.gt\/wp-content\/uploads\/2025\/11\/octubre-2025.png 173w, https:\/\/cip.usac.edu.gt\/wp-content\/uploads\/2025\/11\/octubre-2025-150x150.png 150w\" sizes=\"auto, (max-width: 173px) 100vw, 173px\" \/><\/a><\/figure>\n<\/div>\n\n\n\n<div class=\"wp-block-column is-layout-flow wp-block-column-is-layout-flow\">\n<figure class=\"wp-block-image size-full\"><a href=\"https:\/\/cip.usac.edu.gt\/wp-content\/uploads\/2026\/02\/CONTRATACIONES_PUBLICAS-NOv-2025.xlsx\"><img loading=\"lazy\" decoding=\"async\" width=\"173\" height=\"174\" src=\"https:\/\/cip.usac.edu.gt\/wp-content\/uploads\/2026\/01\/Nov-2025.png\" alt=\"\" class=\"wp-image-6829\" srcset=\"https:\/\/cip.usac.edu.gt\/wp-content\/uploads\/2026\/01\/Nov-2025.png 173w, https:\/\/cip.usac.edu.gt\/wp-content\/uploads\/2026\/01\/Nov-2025-150x150.png 150w\" sizes=\"auto, (max-width: 173px) 100vw, 173px\" \/><\/a><\/figure>\n<\/div>\n\n\n\n<div class=\"wp-block-column is-layout-flow wp-block-column-is-layout-flow\">\n<figure class=\"wp-block-image size-full\"><a href=\"https:\/\/cip.usac.edu.gt\/wp-content\/uploads\/2026\/02\/CONTRATACIONES_PUBLICAS-dIc2025.xlsx\"><img loading=\"lazy\" decoding=\"async\" width=\"173\" height=\"174\" src=\"https:\/\/cip.usac.edu.gt\/wp-content\/uploads\/2026\/01\/Diciembre-2025.png\" alt=\"\" class=\"wp-image-6830\" srcset=\"https:\/\/cip.usac.edu.gt\/wp-content\/uploads\/2026\/01\/Diciembre-2025.png 173w, https:\/\/cip.usac.edu.gt\/wp-content\/uploads\/2026\/01\/Diciembre-2025-150x150.png 150w\" sizes=\"auto, (max-width: 173px) 100vw, 173px\" \/><\/a><\/figure>\n<\/div>\n<\/div>\n<\/div><\/div>\n\n\n\n<p><strong>Informe compras de baja cuant\u00eda Formato<\/strong> PDF <\/p>\n\n\n\n<p>Nota el informe se descargar en su equipo en formato Excel <\/p>\n\n\n\n<div class=\"wp-block-group\"><div class=\"wp-block-group__inner-container is-layout-flow wp-block-group-is-layout-flow\">\n<div class=\"wp-block-columns is-layout-flex wp-container-core-columns-is-layout-9d6595d7 wp-block-columns-is-layout-flex\">\n<div class=\"wp-block-column is-layout-flow wp-block-column-is-layout-flow\">\n<figure class=\"wp-block-image size-full\"><a href=\"https:\/\/cip.usac.edu.gt\/wp-content\/uploads\/2025\/02\/CONTRATACIONES_PUBLICAS.pdf\"><img loading=\"lazy\" decoding=\"async\" width=\"173\" height=\"174\" src=\"https:\/\/cip.usac.edu.gt\/wp-content\/uploads\/2025\/02\/Enero-2025.png\" alt=\"\" class=\"wp-image-6220\" srcset=\"https:\/\/cip.usac.edu.gt\/wp-content\/uploads\/2025\/02\/Enero-2025.png 173w, https:\/\/cip.usac.edu.gt\/wp-content\/uploads\/2025\/02\/Enero-2025-150x150.png 150w\" sizes=\"auto, (max-width: 173px) 100vw, 173px\" \/><\/a><\/figure>\n<\/div>\n\n\n\n<div class=\"wp-block-column is-layout-flow wp-block-column-is-layout-flow\">\n<figure class=\"wp-block-image size-full\"><img loading=\"lazy\" decoding=\"async\" width=\"173\" height=\"174\" src=\"https:\/\/cip.usac.edu.gt\/wp-content\/uploads\/2025\/02\/Feb-2025-sombra.png\" alt=\"\" class=\"wp-image-6206\" srcset=\"https:\/\/cip.usac.edu.gt\/wp-content\/uploads\/2025\/02\/Feb-2025-sombra.png 173w, https:\/\/cip.usac.edu.gt\/wp-content\/uploads\/2025\/02\/Feb-2025-sombra-150x150.png 150w\" sizes=\"auto, (max-width: 173px) 100vw, 173px\" \/><\/figure>\n<\/div>\n\n\n\n<div class=\"wp-block-column is-layout-flow wp-block-column-is-layout-flow\">\n<figure class=\"wp-block-image size-full\"><img loading=\"lazy\" decoding=\"async\" width=\"173\" height=\"174\" src=\"https:\/\/cip.usac.edu.gt\/wp-content\/uploads\/2025\/02\/marzo-2025-sombra.png\" alt=\"\" class=\"wp-image-6207\" srcset=\"https:\/\/cip.usac.edu.gt\/wp-content\/uploads\/2025\/02\/marzo-2025-sombra.png 173w, https:\/\/cip.usac.edu.gt\/wp-content\/uploads\/2025\/02\/marzo-2025-sombra-150x150.png 150w\" sizes=\"auto, (max-width: 173px) 100vw, 173px\" \/><\/figure>\n<\/div>\n\n\n\n<div class=\"wp-block-column is-layout-flow wp-block-column-is-layout-flow\">\n<figure class=\"wp-block-image size-full\"><img loading=\"lazy\" decoding=\"async\" width=\"173\" height=\"174\" src=\"https:\/\/cip.usac.edu.gt\/wp-content\/uploads\/2025\/02\/abril-2025-sombra.png\" alt=\"\" class=\"wp-image-6208\" srcset=\"https:\/\/cip.usac.edu.gt\/wp-content\/uploads\/2025\/02\/abril-2025-sombra.png 173w, https:\/\/cip.usac.edu.gt\/wp-content\/uploads\/2025\/02\/abril-2025-sombra-150x150.png 150w\" sizes=\"auto, (max-width: 173px) 100vw, 173px\" \/><\/figure>\n<\/div>\n\n\n\n<div class=\"wp-block-column is-layout-flow wp-block-column-is-layout-flow\">\n<figure class=\"wp-block-image size-full\"><img loading=\"lazy\" decoding=\"async\" width=\"173\" height=\"174\" src=\"https:\/\/cip.usac.edu.gt\/wp-content\/uploads\/2025\/02\/mayo-2025-sombra.png\" alt=\"\" class=\"wp-image-6209\" srcset=\"https:\/\/cip.usac.edu.gt\/wp-content\/uploads\/2025\/02\/mayo-2025-sombra.png 173w, https:\/\/cip.usac.edu.gt\/wp-content\/uploads\/2025\/02\/mayo-2025-sombra-150x150.png 150w\" sizes=\"auto, (max-width: 173px) 100vw, 173px\" \/><\/figure>\n<\/div>\n\n\n\n<div class=\"wp-block-column is-layout-flow wp-block-column-is-layout-flow\">\n<figure class=\"wp-block-image size-full\"><img loading=\"lazy\" decoding=\"async\" width=\"173\" height=\"174\" src=\"https:\/\/cip.usac.edu.gt\/wp-content\/uploads\/2025\/02\/junio-2025-sombra.png\" alt=\"\" class=\"wp-image-6210\" srcset=\"https:\/\/cip.usac.edu.gt\/wp-content\/uploads\/2025\/02\/junio-2025-sombra.png 173w, https:\/\/cip.usac.edu.gt\/wp-content\/uploads\/2025\/02\/junio-2025-sombra-150x150.png 150w\" sizes=\"auto, (max-width: 173px) 100vw, 173px\" \/><\/figure>\n<\/div>\n<\/div>\n\n\n\n<div class=\"wp-block-columns is-layout-flex wp-container-core-columns-is-layout-9d6595d7 wp-block-columns-is-layout-flex\">\n<div class=\"wp-block-column is-layout-flow wp-block-column-is-layout-flow\">\n<figure class=\"wp-block-image size-full\"><img loading=\"lazy\" decoding=\"async\" width=\"173\" height=\"174\" src=\"https:\/\/cip.usac.edu.gt\/wp-content\/uploads\/2025\/02\/Julio-2025-sombra.png\" alt=\"\" class=\"wp-image-6211\" srcset=\"https:\/\/cip.usac.edu.gt\/wp-content\/uploads\/2025\/02\/Julio-2025-sombra.png 173w, https:\/\/cip.usac.edu.gt\/wp-content\/uploads\/2025\/02\/Julio-2025-sombra-150x150.png 150w\" sizes=\"auto, (max-width: 173px) 100vw, 173px\" \/><\/figure>\n<\/div>\n\n\n\n<div class=\"wp-block-column is-layout-flow wp-block-column-is-layout-flow\">\n<figure class=\"wp-block-image size-full\"><img loading=\"lazy\" decoding=\"async\" width=\"173\" height=\"174\" src=\"https:\/\/cip.usac.edu.gt\/wp-content\/uploads\/2025\/02\/agosto-2025-sombra.png\" alt=\"\" class=\"wp-image-6212\" srcset=\"https:\/\/cip.usac.edu.gt\/wp-content\/uploads\/2025\/02\/agosto-2025-sombra.png 173w, https:\/\/cip.usac.edu.gt\/wp-content\/uploads\/2025\/02\/agosto-2025-sombra-150x150.png 150w\" sizes=\"auto, (max-width: 173px) 100vw, 173px\" \/><\/figure>\n<\/div>\n\n\n\n<div class=\"wp-block-column is-layout-flow wp-block-column-is-layout-flow\">\n<figure class=\"wp-block-image size-full\"><img loading=\"lazy\" decoding=\"async\" width=\"173\" height=\"174\" src=\"https:\/\/cip.usac.edu.gt\/wp-content\/uploads\/2025\/02\/septimebre-2025-sombra.png\" alt=\"\" class=\"wp-image-6213\" srcset=\"https:\/\/cip.usac.edu.gt\/wp-content\/uploads\/2025\/02\/septimebre-2025-sombra.png 173w, https:\/\/cip.usac.edu.gt\/wp-content\/uploads\/2025\/02\/septimebre-2025-sombra-150x150.png 150w\" sizes=\"auto, (max-width: 173px) 100vw, 173px\" \/><\/figure>\n<\/div>\n\n\n\n<div class=\"wp-block-column is-layout-flow wp-block-column-is-layout-flow\">\n<figure class=\"wp-block-image size-full\"><img loading=\"lazy\" decoding=\"async\" width=\"173\" height=\"174\" src=\"https:\/\/cip.usac.edu.gt\/wp-content\/uploads\/2025\/02\/octubre-2025-sombra.png\" alt=\"\" class=\"wp-image-6214\" srcset=\"https:\/\/cip.usac.edu.gt\/wp-content\/uploads\/2025\/02\/octubre-2025-sombra.png 173w, https:\/\/cip.usac.edu.gt\/wp-content\/uploads\/2025\/02\/octubre-2025-sombra-150x150.png 150w\" sizes=\"auto, (max-width: 173px) 100vw, 173px\" \/><\/figure>\n<\/div>\n\n\n\n<div class=\"wp-block-column is-layout-flow wp-block-column-is-layout-flow\">\n<figure class=\"wp-block-image size-full\"><img loading=\"lazy\" decoding=\"async\" width=\"173\" height=\"174\" src=\"https:\/\/cip.usac.edu.gt\/wp-content\/uploads\/2025\/02\/nov-2025-sombra.png\" alt=\"\" class=\"wp-image-6215\" srcset=\"https:\/\/cip.usac.edu.gt\/wp-content\/uploads\/2025\/02\/nov-2025-sombra.png 173w, https:\/\/cip.usac.edu.gt\/wp-content\/uploads\/2025\/02\/nov-2025-sombra-150x150.png 150w\" sizes=\"auto, (max-width: 173px) 100vw, 173px\" \/><\/figure>\n<\/div>\n\n\n\n<div class=\"wp-block-column is-layout-flow wp-block-column-is-layout-flow\">\n<figure class=\"wp-block-image size-full\"><img loading=\"lazy\" decoding=\"async\" width=\"173\" height=\"174\" src=\"https:\/\/cip.usac.edu.gt\/wp-content\/uploads\/2025\/02\/Diciembre-2025-sombra-.png\" alt=\"\" class=\"wp-image-6216\" srcset=\"https:\/\/cip.usac.edu.gt\/wp-content\/uploads\/2025\/02\/Diciembre-2025-sombra-.png 173w, https:\/\/cip.usac.edu.gt\/wp-content\/uploads\/2025\/02\/Diciembre-2025-sombra--150x150.png 150w\" sizes=\"auto, (max-width: 173px) 100vw, 173px\" \/><\/figure>\n<\/div>\n<\/div>\n<\/div><\/div>\n","protected":false},"excerpt":{"rendered":"<p>A\u00f1o 2026 Informe compras de baja cuant\u00eda Formato Excel Nota el informe se descargar en su equipo en formato Excel A\u00f1o 2025 Informe compras de baja cuant\u00eda Formato Excel Nota el informe se descargar en su equipo en formato Excel Informe compras de baja cuant\u00eda Formato PDF Nota el informe se descargar en su equipo [&hellip;]<\/p>\n","protected":false},"author":2,"featured_media":0,"parent":0,"menu_order":0,"comment_status":"closed","ping_status":"closed","template":"","meta":{"footnotes":""},"class_list":["post-6199","page","type-page","status-publish","czr-hentry"],"_links":{"self":[{"href":"https:\/\/cip.usac.edu.gt\/index.php\/wp-json\/wp\/v2\/pages\/6199","targetHints":{"allow":["GET"]}}],"collection":[{"href":"https:\/\/cip.usac.edu.gt\/index.php\/wp-json\/wp\/v2\/pages"}],"about":[{"href":"https:\/\/cip.usac.edu.gt\/index.php\/wp-json\/wp\/v2\/types\/page"}],"author":[{"embeddable":true,"href":"https:\/\/cip.usac.edu.gt\/index.php\/wp-json\/wp\/v2\/users\/2"}],"replies":[{"embeddable":true,"href":"https:\/\/cip.usac.edu.gt\/index.php\/wp-json\/wp\/v2\/comments?post=6199"}],"version-history":[{"count":23,"href":"https:\/\/cip.usac.edu.gt\/index.php\/wp-json\/wp\/v2\/pages\/6199\/revisions"}],"predecessor-version":[{"id":7061,"href":"https:\/\/cip.usac.edu.gt\/index.php\/wp-json\/wp\/v2\/pages\/6199\/revisions\/7061"}],"wp:attachment":[{"href":"https:\/\/cip.usac.edu.gt\/index.php\/wp-json\/wp\/v2\/media?parent=6199"}],"curies":[{"name":"wp","href":"https:\/\/api.w.org\/{rel}","templated":true}]}}