{"id":514,"date":"2020-02-07T18:56:09","date_gmt":"2020-02-07T18:56:09","guid":{"rendered":"http:\/\/c3.usac.edu.gt\/cip.usac.edu.gt\/public_html\/?page_id=514"},"modified":"2021-06-30T04:42:45","modified_gmt":"2021-06-30T04:42:45","slug":"17-empresas-precalificadas","status":"publish","type":"page","link":"https:\/\/cip.usac.edu.gt\/index.php\/17-empresas-precalificadas\/","title":{"rendered":"17. Los listados de las empresas precalificadas para la ejecuci\u00f3n de obras p\u00fablicas, de venta de bienes y de prestaci\u00f3n de servicios de cualquier naturaleza, incluyendo la informaci\u00f3n relacionada a la raz\u00f3n social, capital autorizado y la informaci\u00f3n que corresponda al rengl\u00f3n para el que fueron precalificadas"},"content":{"rendered":"\n<blockquote class=\"wp-block-quote is-layout-flow wp-block-quote-is-layout-flow\"><p>Los listados de las empresas precalificadas para la ejecuci\u00f3n de obras p\u00fablicas, de venta de bienes y de prestaci\u00f3n de servicios de cualquier naturaleza, incluyendo la informaci\u00f3n relacionada a la raz\u00f3n social, capital autorizado y la informaci\u00f3n que corresponda al rengl\u00f3n para el que fueron precalificadas.<\/p><p>La Ley de Contrataciones del Estado regula cuatro (4) registros oficiales, de los cuales tres (3) son de precalificados y un (1) registro documental. Son registros de precalificados los de obra, a cargo del Ministerio de Comunicaciones, Infraestructura y Vivienda -MICIVI-, el de consultores a cargo de la Secretar\u00eda de Planificaci\u00f3n y Programaci\u00f3n de la Presidencia -SEGEPLAN- y el registro de proveedores del Estado a cargo del Ministerio de Finanzas P\u00fablicas -GUATECOMPRAS- y por \u00faltimo el registro documental de contratos que est\u00e1 a cargo de la Contralor\u00eda General de Cuentas. Por lo cual y siendo el fin fundamental establecido en la Ley Org\u00e1nica de la Universidad de San Carlos de Guatemala, Decreto 325, del Congreso de la Rep\u00fablica, elevar el nivel espiritual de los habitantes de la Rep\u00fablica, conservando, promoviendo y difundiendo la cultura y el saber cient\u00edfico; a la misma no le es aplicable el presente numeral.<\/p><\/blockquote>\n\n\n\n<h2 class=\"has-text-color wp-block-heading\" style=\"color:#2c7cf2\"><strong>\u00abPor lo anterior, la Universidad de San Carlos de Guatemala, no precalifica empresas para construcci\u00f3n de obras\u00bb.<\/strong><\/h2>\n\n\n\n<p><\/p>\n","protected":false},"excerpt":{"rendered":"<p>Los listados de las empresas precalificadas para la ejecuci\u00f3n de obras p\u00fablicas, de venta de bienes y de prestaci\u00f3n de servicios de cualquier naturaleza, incluyendo la informaci\u00f3n relacionada a la raz\u00f3n social, capital autorizado y la informaci\u00f3n que corresponda al rengl\u00f3n para el que fueron precalificadas. La Ley de Contrataciones del Estado regula cuatro (4) [&hellip;]<\/p>\n","protected":false},"author":2,"featured_media":615,"parent":0,"menu_order":0,"comment_status":"closed","ping_status":"closed","template":"","meta":{"footnotes":""},"class_list":["post-514","page","type-page","status-publish","has-post-thumbnail","czr-hentry"],"_links":{"self":[{"href":"https:\/\/cip.usac.edu.gt\/index.php\/wp-json\/wp\/v2\/pages\/514","targetHints":{"allow":["GET"]}}],"collection":[{"href":"https:\/\/cip.usac.edu.gt\/index.php\/wp-json\/wp\/v2\/pages"}],"about":[{"href":"https:\/\/cip.usac.edu.gt\/index.php\/wp-json\/wp\/v2\/types\/page"}],"author":[{"embeddable":true,"href":"https:\/\/cip.usac.edu.gt\/index.php\/wp-json\/wp\/v2\/users\/2"}],"replies":[{"embeddable":true,"href":"https:\/\/cip.usac.edu.gt\/index.php\/wp-json\/wp\/v2\/comments?post=514"}],"version-history":[{"count":8,"href":"https:\/\/cip.usac.edu.gt\/index.php\/wp-json\/wp\/v2\/pages\/514\/revisions"}],"predecessor-version":[{"id":2985,"href":"https:\/\/cip.usac.edu.gt\/index.php\/wp-json\/wp\/v2\/pages\/514\/revisions\/2985"}],"wp:featuredmedia":[{"embeddable":true,"href":"https:\/\/cip.usac.edu.gt\/index.php\/wp-json\/wp\/v2\/media\/615"}],"wp:attachment":[{"href":"https:\/\/cip.usac.edu.gt\/index.php\/wp-json\/wp\/v2\/media?parent=514"}],"curies":[{"name":"wp","href":"https:\/\/api.w.org\/{rel}","templated":true}]}}