{"id":4778,"date":"2023-02-28T00:56:52","date_gmt":"2023-02-28T00:56:52","guid":{"rendered":"https:\/\/cip.usac.edu.gt\/?page_id=4778"},"modified":"2024-02-16T15:51:28","modified_gmt":"2024-02-16T15:51:28","slug":"plan-operativo-anual-2022-2","status":"publish","type":"page","link":"https:\/\/cip.usac.edu.gt\/index.php\/plan-operativo-anual-2022-2\/","title":{"rendered":"Plan Operativo Anual 2023"},"content":{"rendered":"\n<p><strong><em>BASE LEGAL<\/em><\/strong><\/p>\n\n\n\n<ol class=\"wp-block-list\">\n<li>Constituci\u00f3n Pol\u00edtica de la Rep\u00fablica de Guatemala, Art\u00edculos 82, 83, 84, 87, 88 y 89.<\/li>\n\n\n\n<li>Decreto No. 325 Ley Org\u00e1nica de la Universidad de San Carlos de Guatemala.<\/li>\n\n\n\n<li>Estatuto de la Universidad de San Carlos de Guatemala (Nacional y Aut\u00f3noma).<\/li>\n\n\n\n<li>Reglamento del Sistema de Planificaci\u00f3n de la Universidad de San Carlos de Guatemala; normas que regulan la elaboraci\u00f3n y ejecuci\u00f3n del Presupuesto de la USAC y dem\u00e1s reglamentos, normativos e instructivos de la USAC.<\/li>\n<\/ol>\n\n\n\n<div class=\"wp-block-buttons is-layout-flex wp-block-buttons-is-layout-flex\">\n<div class=\"wp-block-button\"><a class=\"wp-block-button__link has-background wp-element-button\" href=\"https:\/\/cip.usac.edu.gt\/wp-content\/uploads\/2023\/09\/PRIMERA-EVALUACION-CUATRIMESTRAL-POA-2023.pdf\" style=\"background-color:#1e3475\" target=\"_blank\" rel=\"noreferrer noopener\">Descargar POA 2023<\/a><\/div>\n<\/div>\n\n\n\n<hr class=\"wp-block-separator has-css-opacity is-style-wide\"\/>\n\n\n\n<h2 class=\"wp-block-heading\" id=\"primer-semestre-2022\">Resultados Primer Cuatrimestre 2023<\/h2>\n\n\n\n<div class=\"wp-block-buttons is-layout-flex wp-block-buttons-is-layout-flex\">\n<div class=\"wp-block-button\"><a class=\"wp-block-button__link has-background wp-element-button\" href=\"https:\/\/cip.usac.edu.gt\/wp-content\/uploads\/2023\/09\/PRIMERA-EVALUACION-CUATRIMESTRAL-POA-2023.pdf\" style=\"background-color:#1e3475\">Primer cuatrimestre <\/a><\/div>\n<\/div>\n\n\n\n<h2 class=\"wp-block-heading\" id=\"primer-semestre-2022\">Resultados Segundo Cuatrimestre 2023<\/h2>\n\n\n\n<div class=\"wp-block-buttons is-layout-flex wp-block-buttons-is-layout-flex\">\n<div class=\"wp-block-button\"><a class=\"wp-block-button__link has-background wp-element-button\" href=\"https:\/\/cip.usac.edu.gt\/wp-content\/uploads\/2024\/02\/2DA-EVALUACION-CUANTRIMESTRAL-USAC-2023.pdf\" style=\"background-color:#1e3475\">Segundo cuatrimestre <\/a><\/div>\n<\/div>\n\n\n\n<h2 class=\"wp-block-heading\" id=\"primer-semestre-2022\">Resultados Primer Cuatrimestre 2023<\/h2>\n\n\n\n<div class=\"wp-block-buttons is-layout-flex wp-block-buttons-is-layout-flex\">\n<div class=\"wp-block-button\"><a class=\"wp-block-button__link has-background wp-element-button\" href=\"https:\/\/cip.usac.edu.gt\/wp-content\/uploads\/2024\/02\/3ERA-EVALUACION-CUATRIMESTRAL-USAC-2023.pdf\" style=\"background-color:#1e3475\">Tercer  cuatrimestre <\/a><\/div>\n<\/div>\n","protected":false},"excerpt":{"rendered":"<p>BASE LEGAL Resultados Primer Cuatrimestre 2023 Resultados Segundo Cuatrimestre 2023 Resultados Primer Cuatrimestre 2023<\/p>\n","protected":false},"author":2,"featured_media":0,"parent":0,"menu_order":0,"comment_status":"closed","ping_status":"closed","template":"","meta":{"footnotes":""},"class_list":["post-4778","page","type-page","status-publish","czr-hentry"],"_links":{"self":[{"href":"https:\/\/cip.usac.edu.gt\/index.php\/wp-json\/wp\/v2\/pages\/4778","targetHints":{"allow":["GET"]}}],"collection":[{"href":"https:\/\/cip.usac.edu.gt\/index.php\/wp-json\/wp\/v2\/pages"}],"about":[{"href":"https:\/\/cip.usac.edu.gt\/index.php\/wp-json\/wp\/v2\/types\/page"}],"author":[{"embeddable":true,"href":"https:\/\/cip.usac.edu.gt\/index.php\/wp-json\/wp\/v2\/users\/2"}],"replies":[{"embeddable":true,"href":"https:\/\/cip.usac.edu.gt\/index.php\/wp-json\/wp\/v2\/comments?post=4778"}],"version-history":[{"count":9,"href":"https:\/\/cip.usac.edu.gt\/index.php\/wp-json\/wp\/v2\/pages\/4778\/revisions"}],"predecessor-version":[{"id":5508,"href":"https:\/\/cip.usac.edu.gt\/index.php\/wp-json\/wp\/v2\/pages\/4778\/revisions\/5508"}],"wp:attachment":[{"href":"https:\/\/cip.usac.edu.gt\/index.php\/wp-json\/wp\/v2\/media?parent=4778"}],"curies":[{"name":"wp","href":"https:\/\/api.w.org\/{rel}","templated":true}]}}