{"id":3652,"date":"2022-01-25T16:23:59","date_gmt":"2022-01-25T16:23:59","guid":{"rendered":"https:\/\/cip.usac.edu.gt\/?page_id=3652"},"modified":"2023-02-23T20:40:59","modified_gmt":"2023-02-23T20:40:59","slug":"plan-operativo-anual-2022","status":"publish","type":"page","link":"https:\/\/cip.usac.edu.gt\/index.php\/plan-operativo-anual-2022\/","title":{"rendered":"Plan Operativo Anual 2022"},"content":{"rendered":"\n<p><strong><em>BASE LEGAL<\/em><\/strong><\/p>\n\n\n\n<ol class=\"wp-block-list\">\n<li>Constituci\u00f3n Pol\u00edtica de la Rep\u00fablica de Guatemala, Art\u00edculos 82, 83, 84, 87, 88 y 89. <\/li>\n\n\n\n<li>Decreto No. 325 Ley Org\u00e1nica de la Universidad de San Carlos de Guatemala.<\/li>\n\n\n\n<li>Estatuto de la Universidad de San Carlos de Guatemala (Nacional y Aut\u00f3noma).<\/li>\n\n\n\n<li>Reglamento del Sistema de Planificaci\u00f3n de la Universidad de San Carlos de Guatemala; normas que regulan la elaboraci\u00f3n y ejecuci\u00f3n del Presupuesto de la USAC y dem\u00e1s reglamentos, normativos e instructivos de la USAC.<\/li>\n<\/ol>\n\n\n\n<div class=\"wp-block-buttons is-layout-flex wp-block-buttons-is-layout-flex\">\n<div class=\"wp-block-button\"><a class=\"wp-block-button__link has-background wp-element-button\" href=\"https:\/\/cip.usac.edu.gt\/wp-content\/uploads\/2022\/01\/PLAN-OPERATIVO-ANUAL-USAC-2022.pdf\" style=\"background-color:#1e3475\">Descargar POA 2022<\/a><\/div>\n<\/div>\n\n\n\n<hr class=\"wp-block-separator has-css-opacity is-style-wide\"\/>\n\n\n\n<h2 class=\"wp-block-heading\" id=\"primer-semestre-2022\">Primer semestre 2022<\/h2>\n\n\n\n<div class=\"wp-block-buttons is-layout-flex wp-block-buttons-is-layout-flex\">\n<div class=\"wp-block-button\"><a class=\"wp-block-button__link has-background wp-element-button\" href=\"https:\/\/cip.usac.edu.gt\/wp-content\/uploads\/2022\/08\/Evaluacion-1er-semestre-USAC-2022.pdf\" style=\"background-color:#1e3475\">Primer semestre <\/a><\/div>\n<\/div>\n\n\n\n<h2 class=\"wp-block-heading\" id=\"primer-semestre-2022\">Segundo semestre 2022 (evaluaci\u00f3n final) <\/h2>\n\n\n\n<div class=\"wp-block-buttons is-layout-flex wp-block-buttons-is-layout-flex\">\n<div class=\"wp-block-button\"><a class=\"wp-block-button__link has-background wp-element-button\" href=\"https:\/\/cip.usac.edu.gt\/wp-content\/uploads\/2023\/02\/EVALUACION-FINAL-POA-2022.pdf\" style=\"background-color:#1e3475\">Segundo semestre <\/a><\/div>\n<\/div>\n\n\n\n<p><strong>Nota: las evaluaciones se realizan de manera semestral <\/strong><\/p>\n","protected":false},"excerpt":{"rendered":"<p>BASE LEGAL Primer semestre 2022 Segundo semestre 2022 (evaluaci\u00f3n final) Nota: las evaluaciones se realizan de manera semestral<\/p>\n","protected":false},"author":2,"featured_media":0,"parent":0,"menu_order":0,"comment_status":"closed","ping_status":"closed","template":"","meta":{"footnotes":""},"class_list":["post-3652","page","type-page","status-publish","czr-hentry"],"_links":{"self":[{"href":"https:\/\/cip.usac.edu.gt\/index.php\/wp-json\/wp\/v2\/pages\/3652","targetHints":{"allow":["GET"]}}],"collection":[{"href":"https:\/\/cip.usac.edu.gt\/index.php\/wp-json\/wp\/v2\/pages"}],"about":[{"href":"https:\/\/cip.usac.edu.gt\/index.php\/wp-json\/wp\/v2\/types\/page"}],"author":[{"embeddable":true,"href":"https:\/\/cip.usac.edu.gt\/index.php\/wp-json\/wp\/v2\/users\/2"}],"replies":[{"embeddable":true,"href":"https:\/\/cip.usac.edu.gt\/index.php\/wp-json\/wp\/v2\/comments?post=3652"}],"version-history":[{"count":9,"href":"https:\/\/cip.usac.edu.gt\/index.php\/wp-json\/wp\/v2\/pages\/3652\/revisions"}],"predecessor-version":[{"id":4747,"href":"https:\/\/cip.usac.edu.gt\/index.php\/wp-json\/wp\/v2\/pages\/3652\/revisions\/4747"}],"wp:attachment":[{"href":"https:\/\/cip.usac.edu.gt\/index.php\/wp-json\/wp\/v2\/media?parent=3652"}],"curies":[{"name":"wp","href":"https:\/\/api.w.org\/{rel}","templated":true}]}}