{"id":2836,"date":"2021-06-23T13:50:31","date_gmt":"2021-06-23T13:50:31","guid":{"rendered":"https:\/\/cip.usac.edu.gt\/?page_id=2836"},"modified":"2022-04-04T18:37:56","modified_gmt":"2022-04-04T18:37:56","slug":"historia-de-la-cip","status":"publish","type":"page","link":"https:\/\/cip.usac.edu.gt\/index.php\/historia-de-la-cip\/","title":{"rendered":"Historia de la CIP"},"content":{"rendered":"\n<h2 class=\"wp-block-heading\" id=\"creacion-de-la-coordinadora-de-informacion-publica-cip\">Creaci\u00f3n de la Coordinadora de Informaci\u00f3n P\u00fablica -CIP-<\/h2>\n\n\n\n<h4 class=\"has-text-color wp-block-heading\" id=\"acuerdo-de-creacion-de-la-cip-con-fecha-16-de-abril-del-2009\" style=\"color:#2c7cf2\">Acuerdo de creaci\u00f3n de la CIP con fecha 16 de abril del 2009.<\/h4>\n\n\n\n<p>\u00abEL RECTOR DE LA UNIVERSIDAD DE SAN CARLOS DE GUATEMALA, <strong>Considerando:<\/strong> Que a la Universidad de San Carlos de Guatemala, en su car\u00e1cter de universidad p\u00fablica y aut\u00f3noma, le corresponde por mandato constitucional dirigir la educaci\u00f3n superior estatal. <strong>Considerando:<\/strong> Que la Universidad de San Carlos de Guatemala, como instituci\u00f3n p\u00fablica, tiene la obligaci\u00f3n de informar a la comunidad universitaria y a la poblaci\u00f3n guatemalteca sobre los actos inherentes a su mandato constitucional. <strong>Considerando:<\/strong> Que la Ley de Acceso a la Informaci\u00f3n P\u00fablica, establece, que igualmente a otras instituciones, la Universidad de San Carlos de Guatemala, est\u00e1 obligada a crear una unidad responsable de garantizar a toda persona natural o jur\u00eddica el acceso a la informaci\u00f3n p\u00fablica o actos de su administraci\u00f3n. POR TANTO: De conformidad con las atribuciones que le confiere el Art\u00edculo 17 del Estatuto de la Universidad de San Carlos de Guatemala y en cumplimiento a lo que para el efecto establece la Ley de Acceso a la Informaci\u00f3n P\u00fablica&#8230;<\/p>\n\n\n\n<p><em><strong>Puede leer el acuerdo completo, descargando el archivo en PDF.<\/strong><\/em><\/p>\n\n\n\n<div class=\"wp-block-buttons is-layout-flex wp-block-buttons-is-layout-flex\">\n<div class=\"wp-block-button\"><a class=\"wp-block-button__link has-background\" href=\"https:\/\/cip.usac.edu.gt\/wp-content\/uploads\/2020\/02\/creacioncoordinadoradeinformacionpublica.pdf\" style=\"background-color:#2c7cf2\" target=\"_blank\" rel=\"noreferrer noopener\">Descargar Acuerdo PDF<\/a><\/div>\n<\/div>\n\n\n\n<hr class=\"wp-block-separator is-style-wide\"\/>\n","protected":false},"excerpt":{"rendered":"<p>Creaci\u00f3n de la Coordinadora de Informaci\u00f3n P\u00fablica -CIP- Acuerdo de creaci\u00f3n de la CIP con fecha 16 de abril del 2009. \u00abEL RECTOR DE LA UNIVERSIDAD DE SAN CARLOS DE GUATEMALA, Considerando: Que a la Universidad de San Carlos de Guatemala, en su car\u00e1cter de universidad p\u00fablica y aut\u00f3noma, le corresponde por mandato constitucional dirigir [&hellip;]<\/p>\n","protected":false},"author":1,"featured_media":0,"parent":0,"menu_order":0,"comment_status":"closed","ping_status":"closed","template":"","meta":{"footnotes":""},"class_list":["post-2836","page","type-page","status-publish","czr-hentry"],"_links":{"self":[{"href":"https:\/\/cip.usac.edu.gt\/index.php\/wp-json\/wp\/v2\/pages\/2836","targetHints":{"allow":["GET"]}}],"collection":[{"href":"https:\/\/cip.usac.edu.gt\/index.php\/wp-json\/wp\/v2\/pages"}],"about":[{"href":"https:\/\/cip.usac.edu.gt\/index.php\/wp-json\/wp\/v2\/types\/page"}],"author":[{"embeddable":true,"href":"https:\/\/cip.usac.edu.gt\/index.php\/wp-json\/wp\/v2\/users\/1"}],"replies":[{"embeddable":true,"href":"https:\/\/cip.usac.edu.gt\/index.php\/wp-json\/wp\/v2\/comments?post=2836"}],"version-history":[{"count":5,"href":"https:\/\/cip.usac.edu.gt\/index.php\/wp-json\/wp\/v2\/pages\/2836\/revisions"}],"predecessor-version":[{"id":4010,"href":"https:\/\/cip.usac.edu.gt\/index.php\/wp-json\/wp\/v2\/pages\/2836\/revisions\/4010"}],"wp:attachment":[{"href":"https:\/\/cip.usac.edu.gt\/index.php\/wp-json\/wp\/v2\/media?parent=2836"}],"curies":[{"name":"wp","href":"https:\/\/api.w.org\/{rel}","templated":true}]}}